{"id":510,"date":"2025-06-17T16:35:42","date_gmt":"2025-06-17T16:35:42","guid":{"rendered":"https:\/\/holdingbusiness.es\/?page_id=510"},"modified":"2025-06-17T16:46:37","modified_gmt":"2025-06-17T16:46:37","slug":"elementor-510","status":"publish","type":"page","link":"https:\/\/holdingbusiness.es\/index.php\/elementor-510\/","title":{"rendered":"QUI\u00c9NES SOMOS"},"content":{"rendered":"\t\t<div data-elementor-type=\"wp-page\" data-elementor-id=\"510\" class=\"elementor elementor-510\" data-elementor-post-type=\"page\">\n\t\t\t\t<div class=\"elementor-element elementor-element-0ea9074 e-flex e-con-boxed e-con e-parent\" data-id=\"0ea9074\" data-element_type=\"container\">\n\t\t\t\t\t<div class=\"e-con-inner\">\n\t\t\t\t<div class=\"elementor-element elementor-element-9905fef elementor-widget elementor-widget-heading\" data-id=\"9905fef\" data-element_type=\"widget\" data-widget_type=\"heading.default\">\n\t\t\t\t<div class=\"elementor-widget-container\">\n\t\t\t\t\t<h2 class=\"elementor-heading-title elementor-size-default\">QUI\u00c9NES SOMOS <\/h2>\t\t\t\t<\/div>\n\t\t\t\t<\/div>\n\t\t\t\t\t<\/div>\n\t\t\t\t<\/div>\n\t\t<div class=\"elementor-element elementor-element-bf2e79d e-flex e-con-boxed e-con e-parent\" data-id=\"bf2e79d\" data-element_type=\"container\">\n\t\t\t\t\t<div class=\"e-con-inner\">\n\t\t<div class=\"elementor-element elementor-element-f10f050 e-con-full e-flex e-con e-child\" data-id=\"f10f050\" data-element_type=\"container\">\n\t\t\t\t<div class=\"elementor-element elementor-element-057c2c9 elementor-widget elementor-widget-text-editor\" data-id=\"057c2c9\" data-element_type=\"widget\" data-widget_type=\"text-editor.default\">\n\t\t\t\t<div class=\"elementor-widget-container\">\n\t\t\t\t\t\t\t\t\t<h6>En Holding Business Store, nos apasiona ofrecerte los mejores licores de calidad para que puedas disfrutar de momentos especiales sin salir de casa. Desde nuestro inicio, nos hemos comprometido a llevarte una experiencia \u00fanica de compra en l\u00ednea, donde puedas elegir entre una variedad de licores premium con entrega r\u00e1pida y segura. Creemos en la importancia de cada detalle, y trabajamos para asegurarnos de que cada pedido llegue a tu puerta de manera eficiente.<\/h6>\t\t\t\t\t\t\t\t<\/div>\n\t\t\t\t<\/div>\n\t\t\t\t<\/div>\n\t\t<div class=\"elementor-element elementor-element-17bc95c e-con-full e-flex e-con e-child\" data-id=\"17bc95c\" data-element_type=\"container\">\n\t\t\t\t<div class=\"elementor-element elementor-element-44699ea elementor-widget elementor-widget-image\" data-id=\"44699ea\" data-element_type=\"widget\" data-widget_type=\"image.default\">\n\t\t\t\t<div class=\"elementor-widget-container\">\n\t\t\t\t\t\t\t\t\t\t\t\t\t\t\t<img decoding=\"async\" src=\"https:\/\/holdingbusiness.es\/wp-content\/uploads\/elementor\/thumbs\/WhatsApp-Image-2025-06-15-at-08.40.06-r7ci4l2s0tl58hqhazswklnya316ox2xi3i2v082v0.jpeg\" title=\"WhatsApp Image 2025-06-15 at 08.40.06\" alt=\"WhatsApp Image 2025-06-15 at 08.40.06\" loading=\"lazy\" \/>\t\t\t\t\t\t\t\t\t\t\t\t\t\t\t<\/div>\n\t\t\t\t<\/div>\n\t\t\t\t<\/div>\n\t\t\t\t\t<\/div>\n\t\t\t\t<\/div>\n\t\t<div class=\"elementor-element elementor-element-df09c16 e-flex e-con-boxed e-con e-parent\" data-id=\"df09c16\" data-element_type=\"container\">\n\t\t\t\t\t<div class=\"e-con-inner\">\n\t\t<div class=\"elementor-element elementor-element-a9692fa e-con-full e-flex e-con e-child\" data-id=\"a9692fa\" data-element_type=\"container\">\n\t\t<div class=\"elementor-element elementor-element-c2f3119 e-con-full e-flex e-con e-child\" data-id=\"c2f3119\" data-element_type=\"container\">\n\t\t<div class=\"elementor-element elementor-element-baad33a e-con-full e-flex e-con e-child\" data-id=\"baad33a\" data-element_type=\"container\">\n\t\t\t\t<div class=\"elementor-element elementor-element-b1aba79 elementor-widget elementor-widget-heading\" data-id=\"b1aba79\" data-element_type=\"widget\" data-widget_type=\"heading.default\">\n\t\t\t\t<div class=\"elementor-widget-container\">\n\t\t\t\t\t<h2 class=\"elementor-heading-title elementor-size-default\">MISI\u00d3N<\/h2>\t\t\t\t<\/div>\n\t\t\t\t<\/div>\n\t\t\t\t<\/div>\n\t\t\t\t<div class=\"elementor-element elementor-element-885d830 elementor-widget elementor-widget-text-editor\" data-id=\"885d830\" data-element_type=\"widget\" data-widget_type=\"text-editor.default\">\n\t\t\t\t<div class=\"elementor-widget-container\">\n\t\t\t\t\t\t\t\t\t<h6>Nuestra misi\u00f3n es proporcionar a nuestros clientes una selecci\u00f3n exclusiva de licores, entregados con el mejor servicio de atenci\u00f3n al cliente y rapidez. Queremos que disfrutes de tu bebida favorita en la comodidad de tu hogar, con la seguridad de recibir solo productos de la m\u00e1s alta calidad.<\/h6>\t\t\t\t\t\t\t\t<\/div>\n\t\t\t\t<\/div>\n\t\t\t\t<\/div>\n\t\t<div class=\"elementor-element elementor-element-c2453e3 e-con-full e-flex e-con e-child\" data-id=\"c2453e3\" data-element_type=\"container\">\n\t\t<div class=\"elementor-element elementor-element-167f4ec e-con-full e-flex e-con e-child\" data-id=\"167f4ec\" data-element_type=\"container\">\n\t\t\t\t<div class=\"elementor-element elementor-element-0862c7b elementor-widget elementor-widget-heading\" data-id=\"0862c7b\" data-element_type=\"widget\" data-widget_type=\"heading.default\">\n\t\t\t\t<div class=\"elementor-widget-container\">\n\t\t\t\t\t<h2 class=\"elementor-heading-title elementor-size-default\">VISI\u00d3N<\/h2>\t\t\t\t<\/div>\n\t\t\t\t<\/div>\n\t\t\t\t<\/div>\n\t\t\t\t<div class=\"elementor-element elementor-element-bb7d0d4 elementor-widget elementor-widget-text-editor\" data-id=\"bb7d0d4\" data-element_type=\"widget\" data-widget_type=\"text-editor.default\">\n\t\t\t\t<div class=\"elementor-widget-container\">\n\t\t\t\t\t\t\t\t\t<h6>Aspiramos a ser la tienda online de licores m\u00e1s confiable y accesible, ofreciendo una experiencia de compra sin igual y expandiendo nuestra selecci\u00f3n para satisfacer todos los gustos y necesidades. Nos proyectamos como una marca innovadora, siempre a la vanguardia de las \u00faltimas tendencias y demandas del mercado.<\/h6>\t\t\t\t\t\t\t\t<\/div>\n\t\t\t\t<\/div>\n\t\t\t\t<\/div>\n\t\t\t\t<\/div>\n\t\t\t\t\t<\/div>\n\t\t\t\t<\/div>\n\t\t<div class=\"elementor-element elementor-element-1ce60b0 e-flex e-con-boxed e-con e-parent\" data-id=\"1ce60b0\" data-element_type=\"container\">\n\t\t\t\t\t<div class=\"e-con-inner\">\n\t\t<div class=\"elementor-element elementor-element-7c1c026 e-con-full e-flex e-con e-child\" data-id=\"7c1c026\" data-element_type=\"container\">\n\t\t<div class=\"elementor-element elementor-element-769de8b e-con-full e-flex e-con e-child\" data-id=\"769de8b\" data-element_type=\"container\">\n\t\t\t\t<div class=\"elementor-element elementor-element-959c233 elementor-widget elementor-widget-image\" data-id=\"959c233\" data-element_type=\"widget\" data-widget_type=\"image.default\">\n\t\t\t\t<div class=\"elementor-widget-container\">\n\t\t\t\t\t\t\t\t\t\t\t\t\t\t\t<img decoding=\"async\" src=\"https:\/\/holdingbusiness.es\/wp-content\/uploads\/elementor\/thumbs\/WhatsApp-Image-2025-06-15-at-08.42.55-r7ci8i2khyyfuaptlq368603ksycegm9c83tuzoigg.jpeg\" title=\"WhatsApp Image 2025-06-15 at 08.42.55\" alt=\"WhatsApp Image 2025-06-15 at 08.42.55\" loading=\"lazy\" \/>\t\t\t\t\t\t\t\t\t\t\t\t\t\t\t<\/div>\n\t\t\t\t<\/div>\n\t\t\t\t<\/div>\n\t\t<div class=\"elementor-element elementor-element-a1518a8 e-con-full e-flex e-con e-child\" data-id=\"a1518a8\" data-element_type=\"container\">\n\t\t\t\t<div class=\"elementor-element elementor-element-e9f243b elementor-widget elementor-widget-image\" data-id=\"e9f243b\" data-element_type=\"widget\" data-widget_type=\"image.default\">\n\t\t\t\t<div class=\"elementor-widget-container\">\n\t\t\t\t\t\t\t\t\t\t\t\t\t\t\t<img decoding=\"async\" src=\"https:\/\/holdingbusiness.es\/wp-content\/uploads\/elementor\/thumbs\/WhatsApp-Image-2025-06-17-at-07.28.02-r7fwb12shqqffvf4na7hh80wo8vv3ml874aaa7vc6o.jpeg\" title=\"WhatsApp Image 2025-06-17 at 07.28.02\" alt=\"WhatsApp Image 2025-06-17 at 07.28.02\" loading=\"lazy\" \/>\t\t\t\t\t\t\t\t\t\t\t\t\t\t\t<\/div>\n\t\t\t\t<\/div>\n\t\t\t\t<\/div>\n\t\t\t\t<\/div>\n\t\t\t\t\t<\/div>\n\t\t\t\t<\/div>\n\t\t<div class=\"elementor-element elementor-element-9f90de9 e-flex e-con-boxed e-con e-parent\" data-id=\"9f90de9\" data-element_type=\"container\">\n\t\t\t\t\t<div class=\"e-con-inner\">\n\t\t<div class=\"elementor-element elementor-element-cdf6668 e-con-full e-flex e-con e-child\" data-id=\"cdf6668\" data-element_type=\"container\">\n\t\t\t\t<div class=\"elementor-element elementor-element-9105fa9 elementor-widget elementor-widget-heading\" data-id=\"9105fa9\" data-element_type=\"widget\" data-widget_type=\"heading.default\">\n\t\t\t\t<div class=\"elementor-widget-container\">\n\t\t\t\t\t<h2 class=\"elementor-heading-title elementor-size-default\">QU\u00c9 NOS HACE DIFERENTES<\/h2>\t\t\t\t<\/div>\n\t\t\t\t<\/div>\n\t\t\t\t<\/div>\n\t\t\t\t\t<\/div>\n\t\t\t\t<\/div>\n\t\t<div class=\"elementor-element elementor-element-0251f09 e-flex e-con-boxed e-con e-parent\" data-id=\"0251f09\" data-element_type=\"container\">\n\t\t\t\t\t<div class=\"e-con-inner\">\n\t\t<div class=\"elementor-element elementor-element-c3f70a8 e-con-full e-flex e-con e-child\" data-id=\"c3f70a8\" data-element_type=\"container\">\n\t\t<div class=\"elementor-element elementor-element-f6f9d56 e-con-full e-flex e-con e-child\" data-id=\"f6f9d56\" data-element_type=\"container\">\n\t\t\t\t<div class=\"elementor-element elementor-element-22bbae2 elementor-widget elementor-widget-text-editor\" data-id=\"22bbae2\" data-element_type=\"widget\" data-widget_type=\"text-editor.default\">\n\t\t\t\t<div class=\"elementor-widget-container\">\n\t\t\t\t\t\t\t\t\t<h6>En Holding Business Store, nos destacamos por nuestra atenci\u00f3n personalizada y entrega directa. A diferencia de otras tiendas online, ofrecemos un servicio de delivery propio y de confianza, asegurando que cada pedido llegue a su destino de manera r\u00e1pida y segura, con un trato cercano y profesional.<\/h6>\t\t\t\t\t\t\t\t<\/div>\n\t\t\t\t<\/div>\n\t\t\t\t<\/div>\n\t\t<div class=\"elementor-element elementor-element-de3ec01 e-con-full e-flex e-con e-child\" data-id=\"de3ec01\" data-element_type=\"container\">\n\t\t\t\t<div class=\"elementor-element elementor-element-0d0761e elementor-widget elementor-widget-image\" data-id=\"0d0761e\" data-element_type=\"widget\" data-widget_type=\"image.default\">\n\t\t\t\t<div class=\"elementor-widget-container\">\n\t\t\t\t\t\t\t\t\t\t\t\t\t\t\t<img decoding=\"async\" src=\"https:\/\/holdingbusiness.es\/wp-content\/uploads\/elementor\/thumbs\/WhatsApp-Image-2025-06-17-at-07.36.17-r7fwnqu6y24s9oa288qkfyldryzila2wzb8tzhr4ho.jpeg\" title=\"WhatsApp Image 2025-06-17 at 07.36.17\" alt=\"WhatsApp Image 2025-06-17 at 07.36.17\" loading=\"lazy\" \/>\t\t\t\t\t\t\t\t\t\t\t\t\t\t\t<\/div>\n\t\t\t\t<\/div>\n\t\t\t\t<\/div>\n\t\t\t\t<\/div>\n\t\t\t\t\t<\/div>\n\t\t\t\t<\/div>\n\t\t\t\t<\/div>\n\t\t","protected":false},"excerpt":{"rendered":"<p>QUI\u00c9NES SOMOS En Holding Business Store, nos apasiona ofrecerte los mejores licores de calidad para que puedas disfrutar de momentos especiales sin salir de casa. Desde nuestro inicio, nos hemos comprometido a llevarte una experiencia \u00fanica de compra en l\u00ednea, donde puedas elegir entre una variedad de licores premium con entrega r\u00e1pida y segura. Creemos [&hellip;]<\/p>\n","protected":false},"author":1,"featured_media":0,"parent":0,"menu_order":0,"comment_status":"closed","ping_status":"closed","template":"","meta":{"inline_featured_image":false,"footnotes":""},"class_list":["post-510","page","type-page","status-publish","hentry"],"_links":{"self":[{"href":"https:\/\/holdingbusiness.es\/index.php\/wp-json\/wp\/v2\/pages\/510","targetHints":{"allow":["GET"]}}],"collection":[{"href":"https:\/\/holdingbusiness.es\/index.php\/wp-json\/wp\/v2\/pages"}],"about":[{"href":"https:\/\/holdingbusiness.es\/index.php\/wp-json\/wp\/v2\/types\/page"}],"author":[{"embeddable":true,"href":"https:\/\/holdingbusiness.es\/index.php\/wp-json\/wp\/v2\/users\/1"}],"replies":[{"embeddable":true,"href":"https:\/\/holdingbusiness.es\/index.php\/wp-json\/wp\/v2\/comments?post=510"}],"version-history":[{"count":6,"href":"https:\/\/holdingbusiness.es\/index.php\/wp-json\/wp\/v2\/pages\/510\/revisions"}],"predecessor-version":[{"id":524,"href":"https:\/\/holdingbusiness.es\/index.php\/wp-json\/wp\/v2\/pages\/510\/revisions\/524"}],"wp:attachment":[{"href":"https:\/\/holdingbusiness.es\/index.php\/wp-json\/wp\/v2\/media?parent=510"}],"curies":[{"name":"wp","href":"https:\/\/api.w.org\/{rel}","templated":true}]}}